2 - 8*r - 17. Let m be o(x). Let h(l) = 2*l**2 + 2*l - 5. Calculate h(m).
35
Let y(s) = s**3 + 2*s. Let r(v) = v**3. Suppose 4*n + 7*k - 5*k = 4, -5 = n + 2*k. Let j(q) = n*r(q) - y(q). Calculate j(-2).
-12
Let b(t) = t**3 - 16*t**2 + 2*t - 21. Let g be b(16). Let k(y) = 2 - 7 + 9*y - 1 - 10*y**2 + g*y**2. Determine k(-10).
4
Let a(y) = -y**3 + 15*y**2 - 16*y + 21. Let n = -170 + 184. Calculate a(n).
-7
Let b = 130 + -137. Let z be -8*(-2 - (-14)/4). Let c = z - b. Let r(o) = -o**3 - 4*o**2 + 5*o + 5. What is r(c)?
5
Let p(s) = -10*s**2 + 1133014*s**3 - 2266030*s**3 + 1133015*s**3 + 5*s + 4. Determine p(-11).
70
Suppose -10 = a + 3*f, -760*f = -2*a - 759*f + 22. Let x(i) = i**3 - 6*i**2 - 5*i - 9. Calculate x(a).
79
Let g(n) = 4*n + 16 + 5 - 11*n - 11*n + 0*n. What is g(4)?
-51
Let b(t) = -t**2 - 3*t + 31. Let j = 16851 + -16861. Calculate b(j).
-39
Suppose -1 = -5*y + 3*m, 3 - 2 = -y + m. Let j(c) = -41*c**y + 3 + 13*c**2 + 16*c**2 - 8*c - c + 11*c**2. Determine j(-9).
3
Let g(q) be the second derivative of q**3/3 + 19*q**2/2 + 965*q. Calculate g(0).
19
Let g(o) = 20*o**3 - o**2 + 3*o + 1. Let f(j) = -61*j**3 + 4*j**2 - 10*j - 4. Let u = 293 + -286. Let i(y) = u*g(y) + 2*f(y). Determine i(1).
19
Let c(r) = -14 - r**2 + 4*r**2 - 4*r**2 - 9*r. Suppose -156 = -5*q - 2*w - 212, -2*w - 16 = 0. Give c(q).
-6
Let r = 9348 - 9343. Let y(z) = z**3 - 4*z**2 - 4*z - 6. Calculate y(r).
-1
Suppose 0 = 11*i + 1084 - 314. Let n be i/(-12) - 2 - 5/(-30). Let j(m) = -m - 2. Give j(n).
-6
Let l be ((-6)/(-5) - 1) + 28/10. Let x = 47 - 37. Suppose 0 = x*f - l*f + 28. Let m(o) = -o**2 - 5*o - 4. What is m(f)?
0
Let s(q) = q**3 - 6*q**2 - 8*q + 2. Let i be s(7). Let h(m) = 2*m - 218592*m**3 + 218593*m**3 + 4*m**2 + 5 - 3*m - 4*m. Calculate h(i).
5
Let y(a) = -142*a + 17. Let v(s) = 404*s - 52. Let n(q) = -6*v(q) - 17*y(q). What is n(3)?
-7
Let h(z) be the third derivative of z**6/120 + 7*z**5/15 + z**4/12 + 49*z**3/6 + 1714*z**2. Determine h(-28).
-7
Let p(u) = -u + 1. Let k(y) = 2. Let l(h) = -4*k(h) - p(h). Let o be ((-180)/108)/((0 + -3)/9). Give l(o).
-4
Suppose -12*p = -2*p - 80. Let t(f) = 2 + 9 + 2*f**2 - 9*f**2 - 6*f + p*f**2 + 14*f. Determine t(-6).
-1
Let f(a) be the first derivative of a**7/840 - a**6/120 + a**5/60 - a**4/8 + 23*a**3/3 - 33. Let x(y) be the third derivative of f(y). Determine x(2).
-3
Let k be ((-1)/2)/((-1)/(-2)). Let b(c) be the second derivative of c**3/3 + 8060*c. Calculate b(k).
-2
Let v(g) = 5*g**3 + 2*g**2 - g. Let n be v(1). Let z(t) = -6*t + 10. Let x(b) = 19*b - 30. Let l(m) = -4*x(m) - 13*z(m). Determine l(n).
2
Let z(u) = 213 + 28*u - 161 + 27*u + 6*u**2. Determine z(-8).
-4
Let v(d) = -6*d**2 + 12*d - 10. Let z(f) = -18*f**2 + 34*f - 26. Let c(n) = -11*v(n) + 4*z(n). Calculate c(-1).
-4
Let d be 0 - (1 - (-1 + 4)). Let v(u) = 1 + 8*u + 11 + 17*u**d + u**3 - 2*u - 5*u. Let k be v(-17). Let x(j) = -j**3 - 4*j**2 + 6*j + 2. Calculate x(k).
-3
Let j(h) be the third derivative of -11*h**4/24 + h**3 + 82*h**2 + 11*h. Suppose 5*m - 4 = 4*m. Let u(y) = 5*y - 3. Let n(s) = m*j(s) + 9*u(s). What is n(8)?
5
Let i(f) be the second derivative of 9*f**4/4 + f**3/3 + f**2 - 911*f. Calculate i(-1).
27
Let x(c) = -74*c**2 + 1 + c - 59*c**2 - 68*c**2 + 185*c**2. Suppose 0 = -2*o - 5*z - 7, 4*o - 2*z + 4*z = -6. Determine x(o).
-16
Let h(k) = -49*k**2 - 4*k - 106. Let t(z) = 9*z**2 + 21. Let v(a) = 2*h(a) + 11*t(a). Calculate v(8).
19
Let u(t) = 3*t**3 + 11*t**2 + 168*t - 1. Let d(i) = -i**3 - 6*i**2 - 66*i + 1. Let n(y) = -5*d(y) - 2*u(y). Let f be 2/(-6) - 22/(-3). Give n(f).
4
Suppose 3*w - 12 = -2*p, 7 = w + 5*p + 3. Let d(b) = -10*b**2 + 2*b + 0 - w + 6*b**2 + 3 - b**3. Give d(-4).
-9
Let n(b) = 67*b**3 + 34*b + 5. Let z(r) = -200*r**3 - 96*r - 14. Let i(d) = -17*n(d) - 6*z(d). What is i(-1)?
-60
Let x be 1*(2 + -6)*-16. Let n = x + -62. Suppose 19 = n*h + 31. Let z(d) = d**3 + 5*d**2 - 7*d - 6. Determine z(h).
0
Let r(w) = 29*w - 58. Let t(f) = 18*f - 37. Let z(h) = 5*r(h) - 8*t(h). What is z(-4)?
2
Let w(x) = 3*x + 21. Let n(p) = 5*p + 38. Let j(g) = -5*n(g) + 9*w(g). Determine j(-1).
-3
Let b be -11*(3 - 50/16)*104/(-13). Let f(w) = 2*w**2 + 25*w + 14. What is f(b)?
-19
Let x(d) = -12*d**2 + 16*d**2 + 27*d - 5*d**2 + 53. Determine x(29).
-5
Let j(b) = -12*b + 16*b - 7*b + 1 + b**2. Suppose 3*x - 13 = -4. Suppose -x*a + 7 = -5. Determine j(a).
5
Let k be (30 + 2 - 4) + 2. Let b be (-12)/k - (-6)/(-10). Let s(j) be the third derivative of -j**6/20 + j**5/30 - j**3/6 - 17*j**2. Calculate s(b).
7
Suppose 2*m - 17 = 4*t - m, -m = -2*t - 9. Let g(q) be the third derivative of q**5/60 + 7*q**4/24 + 7*q**3/6 + 437*q**2. Give g(t).
-3
Let f(u) = u**2 - 2*u + 1. Suppose 4*o = 2*p - 10, -2 = -4*p + o - 2*o. Let i(h) = 2*h**2 - 17*h + 10. Let n(d) = p*i(d) - 3*f(d). Determine n(-11).
7
Let a(m) = 12 - 8 + m + 11. Let b(l) = -l**3 + 40*l**2 - 175*l - 11. Let q be b(35). What is a(q)?
4
Let u(r) = r**3 - 6*r**2 + 11*r - 9. Suppose 0 = 4*n - 5*p + 11, -5*n + 58 = 11*p - 7*p. Calculate u(n).
57
Suppose 13*x = 17*x - 24. Let u(m) = -4*m + 8. Let n(o) = 5*o - 9. Let v(f) = x*u(f) + 5*n(f). Let d = 3 - 6. Determine v(d).
0
Let n(l) = -9*l + 1. Let w(z) = -z. Let c be 4/(-3) - (-70)/(-15). Let p(v) = c*w(v) + 2*n(v). Let d be 260/78 + (-4)/3. Determine p(d).
-22
Let i(q) = q**2 - 5. Let r be (16/(-10))/(36/(-13590)). Suppose -606*b = -r*b. Calculate i(b).
-5
Let d(c) = 14*c - 3. Suppose -3*t + 2*o + 234 = 0, -4*o + 103 = t + 11. Suppose -3*u + t = 65. Let y(h) = -9*h + 2. Let x(f) = u*d(f) + 8*y(f). Determine x(8).
-15
Let i = 405 - 495. Let l = i - -92. Let f(t) = -1 + 2 + 2*t**2 - 2. Give f(l).
7
Let v be (120/(-360))/(2/(-114)). Let c(k) be the third derivative of 1/6*k**3 - v*k**2 - 1/6*k**4 + 0 + 0*k + 1/15*k**5 + 1/120*k**6. Give c(-5).
-4
Let y = -96 + 99. Let t(b) = 8*b**2 + 8 - 2*b + 4*b**3 + y - 5*b**3. Suppose -3*a + 32 = a. Give t(a).
-5
Suppose -5*f = 4*w + 16, -12*f = -17*f. Let a be 39/(13 - 26)*w/(-3). Let g(i) be the second derivative of -i**3/6 + i**2 + 2*i. What is g(a)?
6
Let c be (-2 - 72/(-54)) + 13/(-3). Let u(z) be the first derivative of z**4/4 + z**3 - 3*z**2 - 6*z + 82. Calculate u(c).
-26
Let b(a) be the first derivative of 25*a**2/2 + 807*a - 6960. Determine b(-32).
7
Let g(k) = -19*k**2 + 35*k + 13. Let f(o) = 7*o**2 - 12*o - 4. Let a be (4/(-12))/(2/(-24)). Let l(w) = a*g(w) + 11*f(w). Calculate l(-7).
1
Let r(q) = 18*q + 1. Let z be r(0). Let i(h) = 14*h**3 - z + 6*h**2 - 15*h**3 + 2. What is i(3)?
28
Let b(m) = 1958*m**2 + 13706*m - 6. Let q be b(-7). Let a(r) = 3*r**3 + 5*r**2 + 5*r - 8. Let i(u) = u**3 - u**2 + 1. Let o(x) = -a(x) + 2*i(x). Give o(q).
4
Let q(r) be the first derivative of r**3/3 - 15*r**2/2 - 2*r + 3949. What is q(15)?
-2
Let g(b) = -b**2 + 5*b - 3 - 4*b**2 + 2*b**2 + 4*b**2. Let i(m) = -29*m + 10. Let s be i(-3). Let o = 94 - s. Give g(o).
-9
Let v = 18094 - 18095. Let y(z) = -5*z**2 + 6*z + 5. Give y(v).
-6
Let v(c) = 11*c - 36. Let i(l) = -7*l + 24. Let f(o) = 8*i(o) + 5*v(o). Let s be f(3). Let b(p) = 38 - 31 + s*p + 5*p**2 - p**3 - 16. Determine b(6).
9
Let u(r) be the second derivative of r**4/12 - r**3/2 + 2*r**2 - 5*r - 1. Calculate u(6).
22
Let o(d) = -d**3 - 5*d**2 - 5*d. Suppose 126*h + 142 = -362. Give o(h).
4
Let m(c) = 4*c**2 - 3*c + 4. Let v be (0 + 20/(-15))*-6 - 13. Calculate m(v).
119
Let p(g) = g**2 + 0*g + g - 2*g**2. Suppose -86*y - 18 + 110 = -109*y. What is p(y)?
-20
Let k(o) = o**3 + 7*o**2 + 7*o - 4. Suppose 15 = 4*z - 4*v - 17, -z + 18 = -3*v. Suppose -3*t + 6 = i, z*t - 30 = 3*i - 0*t. Determine k(i).
-10
Suppose -86*a + 87*a - 4*d = 1, 0 = -a - 3*d - 6. Let h(g) = -g**2 - 7*g - 12. Calculate h(a).
0
Let j(f) be the second derivative of 1/20*f**5 + 116*f - 1/6*f**3 + 15/2*f**2 + 0 - 7/6*f**4. Give j(14).
1
Let t(z) be the second derivative of z**5/20 - z**4/2 - 3*z**2/2 + 634*z + 2. Determine t(6).
-3
Let r(p) = p + 16. Let l(f) = -8. Let n(y) = 5*l(y) + 2*r(y). Let t = 9980 + -9975. Determine n(t).
2
Let u(d) = d**3 - 9*d**2 - 10*d - 3. Let r(s) = -s**2 + 9*s - 20. Let w be r(5). Suppose -49 = -10*x + 6*x - 3*i, w = 4*i - 12. What is u(x)?
-3
Let p(h) be the third derivative of h**8/20160 + h**7/1680 + h**6/720 + 7*h**5/30 - h**3/6 - 4*h**2 + 2*h. Let m(q) be the third 